21 = -p*z + 3*z. What are the prime factors of z?
3, 7
Let i = -64 + 106. Suppose -h + i = h. What are the prime factors of h?
3, 7
Suppose 2*z = -z + 9. Suppose b + z*b = -4*t + 184, 0 = -2*t + 4*b + 104. What are the prime factors of t?
2, 3
Suppose 4*o - 3*o = 3. What are the prime factors of (-3)/(-1) - 0/o?
3
Suppose -6*f + 310 = -f. Suppose -44 = -2*p + 4*v, f + 18 = 5*p + 5*v. List the prime factors of p.
2, 3
List the prime factors of 362/13 - (-10)/65.
2, 7
Suppose -15 = -2*h + 13. Let v = h + 4. List the prime factors of v.
2, 3
Let l = 31 + -18. What are the prime factors of l?
13
Let l = -6 + 8. Suppose -l*o - 31 = -95. Suppose 5*u = o - 2. List the prime factors of u.
2, 3
Let n = 23 + -4. List the prime factors of n.
19
Suppose -353 = -8*r + 711. What are the prime factors of r?
7, 19
Let s(g) = -g**3 + 4*g**2 + 8*g - 6. Suppose -v - q + 21 = 3*v, -2*v + 4*q = -6. What are the prime factors of s(v)?
3
Let m be 3*15/9*-1. Let l = 9 + m. List the prime factors of l.
2
Let v(p) = p**3 - 8*p**2 + 7*p - 3. Let g be v(7). List the prime factors of 1*(-10)/(1 + g).
5
Suppose -2*j + 75 = 3*j + 5*i, -i = -4*j + 80. Suppose -l = -5*u + 40, 2*u - 2*l = -l + j. What are the prime factors of (u/(-3))/((-1)/3)?
7
Suppose -5*y + 10 = 0, y - 4*y + 46 = 5*n. Let v(g) be the third derivative of g**4/24 - g**3/2 + g**2. What are the prime factors of v(n)?
5
Let n(s) = -s**2 + 8*s + 4. Let g be n(8). Suppose g*z - 35 - 5 = -2*w, -2*w - 5 = -z. What are the prime factors of z?
3
Suppose -5*c + 36 = 4*h - 54, -3*h + 29 = 2*c. Suppose k = -2*k + 48. Let o = c - k. What are the prime factors of o?
2, 3
List the prime factors of 364/(-7)*(-1)/1 - 0.
2, 13
Let n be -1 + -2 + 9/3. Suppose 0*v + 3*v = n. Suppose v = 4*b - 4, 0 = j - 2*b - 8. What are the prime factors of j?
2, 5
Let s(k) be the second derivative of -1/12*k**4 - 3*k**2 - k + 0 - 4/3*k**3. What are the prime factors of s(-5)?
3
Let z(s) = s**3 + 8*s**2 + 4*s - 1. Let x be z(-6). Suppose -3*m = -5*t - x - 12, 2*m - 51 = t. List the prime factors of m.
2, 7
Suppose c + 2*o = 143, 0*c + 600 = 4*c + o. What are the prime factors of c?
151
What are the prime factors of 14/1*(-2 + 3)?
2, 7
Let g(m) = 36*m. Let p = 3 - 2. List the prime factors of g(p).
2, 3
List the prime factors of (-8)/6*(-45)/10.
2, 3
Let n(j) = -44*j - 1. Let k be n(-1). Suppose -3*w + 5*l + k = 0, 4*w - 5*l - 15 - 39 = 0. List the prime factors of w.
11
Suppose 0 = 5*i + 2*v - 34, -2*v + 3 + 19 = 3*i. Let p(l) = l - 3. Let o be p(i). List the prime factors of 3 - (-1 + (-6)/o).
2, 3
Suppose -3*h + 0*h - 342 = 0. Let o be h/(-2) - -1*2. Suppose 4*g - o - 1 = 0. What are the prime factors of g?
3, 5
Suppose 0 = -5*s + 2*s - 6. Let z = -3 + s. What are the prime factors of (-1 - 1 - 0)*z?
2, 5
Let y = 118 - 24. List the prime factors of y.
2, 47
Let r(l) = -6*l - 2. What are the prime factors of r(-5)?
2, 7
Let a = -2 + 7. Suppose 1 = 3*v - a. Suppose -v*r + 6 = -2. What are the prime factors of r?
2
Let v(s) = -s**2 - 6*s - 4. Let m be v(-6). Let x be 1*-3 - (1 + -3) - -33. List the prime factors of m/1*(-40)/x.
5
Let u(t) = -7*t + 2. Suppose -h = -3*h - 3*g + 17, 2*g = 2*h - 2. Let i be (-2 - (-6)/h)*4. List the prime factors of u(i).
2
Suppose -2*b - f = f - 14, 2*f = 4. Suppose 0 = b*a - 9 - 51. What are the prime factors of a?
2, 3
Suppose -5*t - 24 = -2*t. Let x = -10 - t. Let r = 5 + x. List the prime factors of r.
3
Let d(o) = o + 0*o - 2 + 3*o**2 - o**3 + 2*o**3. Let v be d(-3). Let t(l) = l + 7. List the prime factors of t(v).
2
Let k be (-57)/(-21) - (-2)/7. Let w be (2 - (k + -2)) + -1. What are the prime factors of (w - (1 - 13)) + -2?
2, 5
Let w be (-8)/(-2) + -1 + -1. Let l(f) = -7*f**2 + 6*f**2 - w*f + 2*f + 8*f + 5. List the prime factors of l(4).
3, 7
Let m be 2 + (-4)/4 + 2. Suppose -m*v = -75 + 12. List the prime factors of v.
3, 7
Suppose 3*l = 3*j + 4*l, -4*j - 2*l = 2. Suppose v = 3*q - 1 - j, 4*v + 20 = 0. List the prime factors of (17 - (1 + -2)) + q.
17
Suppose -w = -5*s - 0*w + 288, -w = -2. What are the prime factors of s?
2, 29
Let s(l) = l**3 + 6*l**2 + l + 4. Let c be (-10 + 3)*(-6)/(-7). Let k be s(c). List the prime factors of (-6)/12 - 11/k.
5
Suppose z + 0*z = -5, -a - 5*z + 31 = 0. List the prime factors of a.
2, 7
Suppose 5 = w - 9. Suppose 5*q - w = -m, -3*q + m = -q. Suppose 4*r = q*r + 4. List the prime factors of r.
2
Let m be (-2)/4 - 3/(-6). Suppose -3*h = -m*h - 63. List the prime factors of h.
3, 7
Suppose -3*u - s = 67, -3*u - 81 = u + 3*s. List the prime factors of 27/u*2*-8.
2, 3
Suppose 4*c - 15 = 9. Let j = 17 - 16. Let m = c + j. List the prime factors of m.
7
Let n = -191 - -327. Suppose -5*w - 4*f = -6*f + 152, n = -4*w - 2*f. What are the prime factors of w/(-6) + (-2)/6?
5
Let m(w) = 2*w**2 - 19*w + 15. Let j(n) = n**2 - 9*n + 7. Let v(y) = -9*j(y) + 4*m(y). Suppose 2*a = -a + 6. List the prime factors of v(a).
3
Suppose -v + 567 + 208 = -4*c, 5*c + 777 = v. Let u = 547 - v. What are the prime factors of (-2)/9 - u/18?
2, 3
Let y = -58 + 170. What are the prime factors of y?
2, 7
Suppose -5*g - 2*n + 280 = 53, -g + 5*n + 40 = 0. Suppose 5*p = 4*v + g, -3*v = 5*p - 2*v - 45. What are the prime factors of p?
3
Suppose -2*q - 120 = -5*q. What are the prime factors of q?
2, 5
List the prime factors of 325/20 + 1/(-4).
2
Suppose w = -w + 306. Suppose 0 = -0*d + 3*d - w. List the prime factors of d.
3, 17
Suppose -2*g = 4*w, -g + 2*w + 8 = -0*g. Suppose -6 = 3*a, -4*a + 2 = -g*f - 6. List the prime factors of (-30)/(-9) + f/(-6).
2
Let s = 54 - 14. What are the prime factors of s?
2, 5
List the prime factors of -3 + -93*(-1 - (3 + -3)).
2, 3, 5
Let b = 5 + -5. Suppose b*w + 28 = 4*w. Let m = w + -1. What are the prime factors of m?
2, 3
Let p(t) = t + 5. Let l be p(0). Suppose -5*r + 3*i + 9 = -i, -3*r - l*i + 35 = 0. Suppose -8*n + 3*n + 20 = r*z, 4*n + z = 28. What are the prime factors of n?
2
Suppose j = -2*j + 39. List the prime factors of j.
13
Suppose 5*d - 2*d = -156. List the prime factors of (-2)/(3 - d/(-16)).
2
Let r(q) = -q + 12. Let n be r(10). Suppose -n*w = -7*w + 80. List the prime factors of w.
2
Let u(a) = 2*a. Let c be u(5). Let n = -1 + c. List the prime factors of n.
3
Let j be 4 - 4/8*-4. What are the prime factors of (-3 + 1)*(-84)/j?
2, 7
Let k = 41 - 19. List the prime factors of k.
2, 11
Suppose -19 = -3*t + 5*x + 28, -4*t = 2*x - 28. What are the prime factors of t?
3
Suppose 3*y = y + 220. List the prime factors of y.
2, 5, 11
Let s be (-20 - (1 - 3))*1. Let y = s - -11. List the prime factors of (-2 + 0)/(1/y).
2, 7
List the prime factors of (-312)/(-9)*30/20.
2, 13
Let n be (-9)/(-3) + (-2)/2. Suppose 4*z = n*h - 32, -h + 4*z = 3*z - 12. Let t(k) = -k**2 + 8*k + 6. What are the prime factors of t(h)?
2, 3
Let g be (-9 + 2)/((-2)/2). Suppose -d - g = -2*d. Let x(u) = 2*u + 1. What are the prime factors of x(d)?
3, 5
Let i(n) be the first derivative of -n**4/4 - 3*n**3 - 11*n**2/2 - 10*n + 7. What are the prime factors of i(-8)?
2, 7
Suppose 15 = -r - 1. Let q = 5 - r. List the prime factors of q.
3, 7
Suppose 4*q - 3*q = -5*k - 13, -21 = 3*k + 5*q. Let r be (1/k - -2)*2. Suppose 2*u - 23 = -r*w, 4*w - 4*u = -u + 42. List the prime factors of w.
3
Let l(b) = -6*b**3 - b**2 + b + 2. Let f be l(-2). Suppose 5*w + 3*u = f, 3*u - 5 = -w - 1. List the prime factors of w.
2, 5
Let i(v) = -v**3 - 8*v**2 + 12*v - 6. Let r be 1/((-1)/8) - 2. Let y be i(r). List the prime factors of (-4)/14 - y/(-14).
5
Let p(h) = h**2 + h + 6. List the prime factors of p(5).
2, 3
Let m(o) = -2*o**2 - 6*o + 6. Let d be m(-6). Let f = -18 - d. List the prime factors of f.
2, 3
Let x be 1/(-5) + 4/(-5). Let c = x - -1. Suppose c = 2*k + 4 - 24. What are the prime factors of k?
2, 5
Suppose -4*w + 2*q = -230, -w + 162 = 2*w - 5*q. Suppose 3*t = -t - 5*b + w, 5*t = -b + 58. List the prime factors of t.
11
Let m(p) = 4*p**3 + 4*p**2 - 5*p + 13. Let h(u) = -11*u**3 - 12*u**2 + 15*u - 38. Let t(d) = -3*h(d) - 8*m(d). List the prime factors of t(-5).
2, 5
Suppose 108 = -0*x + 3*x. Let z = -26 + x. Let j = z + 0. What are the prime factors of j?
2, 5
Let x(s) = -8*s + 1. Let r(d) = -16*d + 2. Let k(z) = -2*r(z) + 5*x(z). Let b be (-2 + 1)*2 - -1. What are the prime factors of k(b)?
3